{"id":66,"date":"2015-08-31T14:44:49","date_gmt":"2015-08-31T14:44:49","guid":{"rendered":"http:\/\/atelier-mpg.fr\/paysage\/?page_id=66"},"modified":"2019-09-13T14:07:35","modified_gmt":"2019-09-13T14:07:35","slug":"prestations","status":"publish","type":"page","link":"http:\/\/atelier-mpg.fr\/paysage\/prestations\/","title":{"rendered":"Prestations"},"content":{"rendered":"<h5><b>ESPACES PUBLICS &#8211; \u00e9tude &#8211; ma\u00eetrise d\u2019oeuvre &#8211; <\/b><b>DIA-AVP-PRO-ACT-DET-AOR\u00a0<\/b><\/h5>\n<p>Seuls ou en co-traitance avec des regroupements d\u2019Architectes et divers Bureaux d\u2019\u00c9tudes, Atelier MPaysage r\u00e9pond aux appels d\u2019offres publics ; <b>missions de ma\u00eetrise d\u2019\u0153uvre compl\u00e8te, march\u00e9s n\u00e9goci\u00e9s, assistances \u00e0 ma\u00eetrise d\u2019ouvrage. <\/b>Int\u00e9grations de projets en milieu urbain ou rural r\u00e9pondants aux enjeux \u00e9cologiques et environnementaux actuels notamment sur la gestion des eaux pluviales, sur les palettes v\u00e9g\u00e9tales adapt\u00e9es au milieu, sur la mise en place de Plan de Gestion diff\u00e9renci\u00e9.<\/p>\n<p><b><i>COMP\u00c9TENCES SOLLICIT\u00c9ES : Co-\u00e9laboration\u00a0<\/i><\/b><b><i>avec l\u2019ensemble de la MOE, Traitement du Volet Paysage et protection de l\u2019environnement, VRD paysager pour nos comp\u00e9tences d\u2019Ing\u00e9nieur.\u00a0<\/i><\/b><\/p>\n<h5><b>\u00c9TUDES GRANDS TERRITOIRES &#8211; OGS &#8211; AVAP &#8211; PLU &#8211; ZDE\u00a0<\/b><\/h5>\n<p>Atelier Mpaysage r\u00e9alise les volets paysagers pour diverses \u00e9tudes d\u2019impact ou projet de territoire. Lecture transversale de paysages \u00e0 l\u2019\u00e9chelle du grand territoire, travail cartographique, bibliographique crois\u00e9e par l\u2019analyse de terrain. Appr\u00e9hender, d\u00e9gager les \u00e9chelles et les composantes du paysage afin d\u2019\u00e9valuer l\u2019acceptation ou non du projet. Mise en corr\u00e9lation avec la r\u00e9glementation. Animation de r\u00e9unions publiques et mise en place de questionnaire afin de percevoir les enjeux sociaux qui animent le territoire.<\/p>\n<p><b><i>COMP\u00c9TENCES SOLLICIT\u00c9ES : Analyse territoriale, r\u00e9glementaire ; projet de grande ampleur ; Animation , concertation, d\u00e9marche participative.<\/i><\/b><\/p>\n<h5><b>ESPACES PRIVES &#8211; \u00e9tude &#8211; plans d\u2019ex\u00e9cution &#8211; suivi de chantier\u00a0<\/b><\/h5>\n<p>Atelier Mpaysage con\u00e7oit des jardin priv\u00e9s en r\u00e9gion PACA allant du patio en ville aux propri\u00e9t\u00e9s de l\u2019arri\u00e8re pays. Travail de sensibilisation avec les propri\u00e9taires \u00e0 se servir de la \u00abcontrainte\u00bb s\u00e9cheresse pour revaloriser leur terrain. Jardins con\u00e7us uniquement avec une palette v\u00e9g\u00e9tale adapt\u00e9e au climat m\u00e9diterran\u00e9en, ou les contraintes climatiques deviennent un atout dans la conception.<\/p>\n<p><b><i>COMP\u00c9TENCES SOLLICIT\u00c9ES : Assistance \u00e0 ma\u00eetrise d\u2019ouvrage priv\u00e9 apr\u00e8s remise des plans d\u2019ex\u00e9cution sur l\u2019ensemble des am\u00e9nagements (hors gros \u0153uvre) ; voirie, fontainerie, arrosage, plantation terrassement ect &#8230;<\/i><\/b><\/p>\n<h5><b>P\u00c9DAGOGIE &amp; ENSEIGNEMENT\u00a0<\/b><\/h5>\n<p>Encadrante ENSP Marseille sur un Atelier P\u00e9dagogique R\u00e9gionaux des 4\u00e9me ann\u00e9e et sur l\u2019Atelier de la Crau en 1ere ann\u00e9e<\/p>\n<p>Intervention en MFR Bac pro service a la personne et aux territoires autour de deux grands axes : l\u2019Handicap et les signes d\u2019un territoire.<\/p>\n<p><b><i>COMP\u00c9TENCES SOLLICIT\u00c9ES : Licence de Biologie G\u00e9n\u00e9ral SVT &#8211; P\u00e9dagogie, lecture et sociologie du territoire, \u00c9cologie.<\/i><\/b><\/p>\n<pre><strong>Ma\u00eetrise d\u2019\u0153uvre publique et priv\u00e9e<\/strong>\n\n<strong>\u00c9tudes<\/strong>\n\n<strong>Suivi de chantier<\/strong>\n\n<strong>Enseignement<\/strong>\n\n<strong>Conseil<\/strong>\n\n<strong>AMO<\/strong>\n\n<strong>Programmation<\/strong>\n\n<strong>Accompagnement<\/strong>\n\n<strong>Atelier jardinage<\/strong>\n\n<strong>\u00a0<\/strong><\/pre>\n","protected":false},"excerpt":{"rendered":"<p>ESPACES PUBLICS &#8211; \u00e9tude &#8211; ma\u00eetrise d\u2019oeuvre &#8211; DIA-AVP-PRO-ACT-DET-AOR\u00a0 Seuls ou en co-traitance avec des regroupements d\u2019Architectes et divers Bureaux d\u2019\u00c9tudes, Atelier MPaysage r\u00e9pond aux appels d\u2019offres publics ; missions de ma\u00eetrise d\u2019\u0153uvre compl\u00e8te, march\u00e9s n\u00e9goci\u00e9s, assistances \u00e0 ma\u00eetrise d\u2019ouvrage. Int\u00e9grations de projets en milieu urbain ou rural r\u00e9pondants aux enjeux \u00e9cologiques et environnementaux actuels [&hellip;]<\/p>\n","protected":false},"author":1,"featured_media":0,"parent":0,"menu_order":0,"comment_status":"closed","ping_status":"closed","template":"","meta":{"footnotes":""},"_links":{"self":[{"href":"http:\/\/atelier-mpg.fr\/paysage\/wp-json\/wp\/v2\/pages\/66"}],"collection":[{"href":"http:\/\/atelier-mpg.fr\/paysage\/wp-json\/wp\/v2\/pages"}],"about":[{"href":"http:\/\/atelier-mpg.fr\/paysage\/wp-json\/wp\/v2\/types\/page"}],"author":[{"embeddable":true,"href":"http:\/\/atelier-mpg.fr\/paysage\/wp-json\/wp\/v2\/users\/1"}],"replies":[{"embeddable":true,"href":"http:\/\/atelier-mpg.fr\/paysage\/wp-json\/wp\/v2\/comments?post=66"}],"version-history":[{"count":27,"href":"http:\/\/atelier-mpg.fr\/paysage\/wp-json\/wp\/v2\/pages\/66\/revisions"}],"predecessor-version":[{"id":1245,"href":"http:\/\/atelier-mpg.fr\/paysage\/wp-json\/wp\/v2\/pages\/66\/revisions\/1245"}],"wp:attachment":[{"href":"http:\/\/atelier-mpg.fr\/paysage\/wp-json\/wp\/v2\/media?parent=66"}],"curies":[{"name":"wp","href":"https:\/\/api.w.org\/{rel}","templated":true}]}}

<h5><b>ESPACES PUBLICS &#8211; étude &#8211; maîtrise d’oeuvre &#8211; </b><b>DIA-AVP-PRO-ACT-DET-AOR </b></h5>
<p>Seuls ou en co-traitance avec des regroupements d’Architectes et divers Bureaux d’Études, Atelier MPaysage répond aux appels d’offres publics ; <b>missions de maîtrise d’œuvre complète, marchés négociés, assistances à maîtrise d’ouvrage. </b>Intégrations de projets en milieu urbain ou rural répondants aux enjeux écologiques et environnementaux actuels notamment sur la gestion des eaux pluviales, sur les palettes végétales adaptées au milieu, sur la mise en place de Plan de Gestion différencié.</p>
<p><b><i>COMPÉTENCES SOLLICITÉES : Co-élaboration </i></b><b><i>avec l’ensemble de la MOE, Traitement du Volet Paysage et protection de l’environnement, VRD paysager pour nos compétences d’Ingénieur. </i></b></p>
<h5><b>ÉTUDES GRANDS TERRITOIRES &#8211; OGS &#8211; AVAP &#8211; PLU &#8211; ZDE </b></h5>
<p>Atelier Mpaysage réalise les volets paysagers pour diverses études d’impact ou projet de territoire. Lecture transversale de paysages à l’échelle du grand territoire, travail cartographique, bibliographique croisée par l’analyse de terrain. Appréhender, dégager les échelles et les composantes du paysage afin d’évaluer l’acceptation ou non du projet. Mise en corrélation avec la réglementation. Animation de réunions publiques et mise en place de questionnaire afin de percevoir les enjeux sociaux qui animent le territoire.</p>
<p><b><i>COMPÉTENCES SOLLICITÉES : Analyse territoriale, réglementaire ; projet de grande ampleur ; Animation , concertation, démarche participative.</i></b></p>
<h5><b>ESPACES PRIVES &#8211; étude &#8211; plans d’exécution &#8211; suivi de chantier </b></h5>
<p>Atelier Mpaysage conçoit des jardin privés en région PACA allant du patio en ville aux propriétés de l’arrière pays. Travail de sensibilisation avec les propriétaires à se servir de la «contrainte» sécheresse pour revaloriser leur terrain. Jardins conçus uniquement avec une palette végétale adaptée au climat méditerranéen, ou les contraintes climatiques deviennent un atout dans la conception.</p>
<p><b><i>COMPÉTENCES SOLLICITÉES : Assistance à maîtrise d’ouvrage privé après remise des plans d’exécution sur l’ensemble des aménagements (hors gros œuvre) ; voirie, fontainerie, arrosage, plantation terrassement ect &#8230;</i></b></p>
<h5><b>PÉDAGOGIE &amp; ENSEIGNEMENT </b></h5>
<p>Encadrante ENSP Marseille sur un Atelier Pédagogique Régionaux des 4éme année et sur l’Atelier de la Crau en 1ere année</p>
<p>Intervention en MFR Bac pro service a la personne et aux territoires autour de deux grands axes : l’Handicap et les signes d’un territoire.</p>
<p><b><i>COMPÉTENCES SOLLICITÉES : Licence de Biologie Général SVT &#8211; Pédagogie, lecture et sociologie du territoire, Écologie.</i></b></p>
<pre><strong>Maîtrise d’œuvre publique et privée</strong>

<strong>Études</strong>

<strong>Suivi de chantier</strong>

<strong>Enseignement</strong>

<strong>Conseil</strong>

<strong>AMO</strong>

<strong>Programmation</strong>

<strong>Accompagnement</strong>

<strong>Atelier jardinage</strong>

<strong> </strong></pre>

<p>ESPACES PUBLICS &#8211; étude &#8211; maîtrise d’oeuvre &#8211; DIA-AVP-PRO-ACT-DET-AOR  Seuls ou en co-traitance avec des regroupements d’Architectes et divers Bureaux d’Études, Atelier MPaysage répond aux appels d’offres publics ; missions de maîtrise d’œuvre complète, marchés négociés, assistances à maîtrise d’ouvrage. Intégrations de projets en milieu urbain ou rural répondants aux enjeux écologiques et environnementaux actuels [&hellip;]</p>
